e 6) to base 9.
344186
Convert 101111011100001010101011 (base 2) to base 4.
233130022223
3153175 (base 8) to base 15
119446
Convert -5762 (base 13) to base 12.
-7108
What is -21050401 (base 7) in base 3?
-10100021111111
Convert 3321113120 (base 4) to base 15.
152985
Convert 600010 (base 9) to base 11.
222214
Convert 124331 (base 8) to base 7.
240010
What is 10102011212110 (base 3) in base 14?
35330d
Convert -221132 (base 9) to base 16.
-203db
Convert 44544 (base 12) to base 10.
90628
Convert -51342a (base 11) to base 5.
-202340110
Convert -11101110101101110 (base 2) to base 8.
-356556
Convert -1088a15 (base 13) to base 12.
-1848819
What is -1142523 (base 6) in base 4?
-32231103
-2c5dd7 (base 14) to base 13
-424bc0
Convert -3184145 (base 10) to base 13.
-876413
Convert 411222 (base 11) to base 5.
132113232
Convert 1124434 (base 7) to base 8.
423063
What is -17c276 (base 16) in base 2?
-101111100001001110110
What is 100100001100101101 (base 2) in base 3?
21112101110
Convert 1a9163 (base 12) to base 11.
2a2658
What is 220525 (base 12) in base 11?
339695
Convert aa603 (base 15) to base 16.
842a9
Convert 12c653 (base 13) to base 7.
3606020
8ba81 (base 12) to base 3
100110201221
Convert 808587 (base 9) to base 8.
1646764
1240004 (base 5) to base 14
8c55
4d522 (base 14) to base 10
190346
-10231300 (base 5) to base 13
-30470
What is -2233337 (base 8) in base 14?
-11a0d9
Convert -11443303 (base 5) to base 10.
-109203
What is 88cb8a (base 13) in base 6?
153100333
What is -19402 (base 12) in base 14?
-d614
Convert 7ce152 (base 16) to base 13.
19071b9
189057 (base 13) to base 3
1011110222010
What is -2606b (base 16) in base 5?
-14441010
-26072 (base 12) to base 15
-105bb
-254000453 (base 6) to base 10
-4945713
What is -16044446 (base 7) in base 13?
-41c330
What is 257784 (base 9) in base 12?
767a1
4440807 (base 9) to base 13
658435
Convert -1a0626 (base 11) to base 2.
-1001011001111110111
What is -4123242002 (base 5) in base 13?
-1988451
What is 72733 (base 11) in base 16?
19e30
Convert 339377 (base 14) to base 10.
1754109
What is 423142 (base 5) in base 10?
14172
-1001001212000 (base 4) to base 15
-176a978
Convert -202012032 (base 4) to base 6.
-2554330
-110111001101010100 (base 2) to base 14
-5c5a4
What is -67972 (base 16) in base 14?
-b08b8
Convert -7127364 (base 8) to base 9.
-3474532
131751 (base 13) to base 16
70686
Convert 213041 (base 8) to base 10.
71201
-100001101100000001010010 (base 2) to base 10
-8831058
-1741621 (base 8) to base 12
-206555
What is 122030212 (base 4) in base 3?
12110012011
What is 702174 (base 8) in base 4?
320101330
What is 1832812 (base 13) in base 14?
1094bd3
19bcd (base 14) to base 4
33332221
What is -10e9e3 (base 15) in base 12?
-330113
Convert -11011201221200 (base 3) to base 9.
-4151850
6a479 (base 11) to base 2
11000110101011110
What is 1020210001120 (base 3) in base 9?
1223046
-2714217 (base 10) to base 4
-22112221221
What is -69286 (base 11) in base 13?
-36789
-39bd78 (base 15) to base 7
-32402132
What is 10110111011111001000 (base 2) in base 9?
1364846
What is -174c52 (base 13) in base 3?
-1002120111101
Convert b23835 (base 13) to base 10.
4149332
What is -705448 (base 9) in base 13?
-117c74
Convert 15c8b (base 14) to base 2.
1101010101010011
Convert -282116 (base 9) to base 14.
-46a3a
-1100010000010011001 (base 2) to base 16
-62099
Convert -22230202112 (base 4) to base 15.
-3a5b92
Convert 11330132333 (base 4) to base 14.
2c7d4b
What is -13313 (base 9) in base 5?
-242003
What is 185377 (base 12) in base 4?
1213133023
Convert 101011011101101110 (base 2) to base 9.
301181
Convert -127900 (base 12) to base 6.
-10302000
Convert -421524220 (base 6) to base 11.
-4182278
142540200 (base 6) to base 4
23030333220
-1111201122 (base 3) to base 15
-8be5
Convert a7b81c (base 13) to base 12.
139b201
Convert -126652 (base 10) to base 4.
-132322330
1f15b (base 16) to base 11
87729
-411404 (base 7) to base 15
-15bd2
21200122101 (base 3) to base 12
73724
What is 60038 (base 12) in base 2?
11110011000101100
49805 (base 10) to base 16
c28d
110332012 (base 4) to base 14
23434
Convert 472027 (base 8) to base 11.
aa894
What is -10000110100110110 (base 2) in base 15?
-15648
-11b651 (base 13) to base 11
-270426
What is 16b367 (base 16) in base 7?
15434242
Convert 111000101000001110 (base 2) to base 12.
b2292
-113c6c (base 13) to base 16
-63bf3
Convert 1032142242 (base 5) to base 4.
20133020321
103104022 (base 6) to base 11
1039645
What is 32002311 (base 4) in base 15?
120a0
Convert -4532104 (base 7) to base 8.
-2112615
45313031 (base 6) to base 3
2121000200201
-62e8 (base 15) to base 16
-51b6
83542 (base 10) to base 6
1442434
What is -3117730 (base 8) in base 12?
-33a960
Convert 9038b7 (base 12) to base 7.
25042666
What is -3605436 (base 7) in base 3?
-212011010210
Convert 11454472 (base 8) to base 2.
1001100101100100111010
Convert 2244004 (base 5) to base 8.
117070
Convert -120212201010 (base 4) to base 13.
-144a60b
What is -7f2616 (base 16) in base 13?
-1959a84
What is 1e069 (base 15) in base 10?
97974
Convert 138851 (base 10) to base 8.
417143
-7503109 (base 10) to base 12
-261a0b1
What is -2233841 (base 9) in base 3?
-2021010221101
What is 208dcc (base 14) in base 9?
2056326
-4046a7 (base 15) to base 16
-2e93db
What is -1762b (base 15) in base 5?
-4410031
Convert 443351 (base 8) to base 7.
1161026
100010011110101101111 (base 2) to base 13
307359
-23256141 (base 8) to base 9
-10476555
Convert 51213241 (base 6) to base 12.
5a7221
-ab5a6 (base 12) to base 16
-3778e
What is -102210442 (base 5) in base 4?
-1220231020
5405403 (base 7) to base 2
10100000011111101011
What is -212344444 (base 5) in base 12?
-376784
Convert 1e8e34 (base 15) to base 16.
16dcd4
What is -116b89 (base 12) in base 4?
-1010300121
Convert -10212203030 (base 4) to base 10.
-1206476
Convert -304044455 (base 6) to base 12.
-190372b
What is 11411343 (base 5) in base 8?
321132
2381454 (base 9) to base 5
312343434
What is 59157 (base 10) in base 4?
32130111
404611 (base 7) to base 10
68902
Convert 12021020012000 (base 3) to base 4.
22223132013
11212002012022 (base 3) to base 15
35e6ee
-25431531 (base 6) to base 4
-3022102033
Convert 2141311 (base 6) to base 12.
51837
Convert -223131330 (base 5) to base 8.
-3614626
Convert e5e53 (base 15) to base 8.
2617425
Convert 10254545 (base 6) to base 10.
303041
Convert 35302614 (base 7) to base 14.
5ad6b4
What is 10112020000 (base 3) in base 8?
207451
Convert -13031210023 (base 4) to base 9.
-3501334
58405 (base 13) to base 3
22011221021
115869c (base 13) to base 7
63361506
e53a (base 16) to base 11
400a8
What is -4b9c5 (base 16) in base 14?
-80c17
What is -587a0 (base 11) in base 6?
-1452350
-1545211 (base 7) to base 6
-4322341
What is 185567 (base 9) in base 7?
661111
Convert -1021020000110 (base 3) to base 15.
-d48c3
Convert 10011110010000101010 (base 2) to base 11.
403034
Convert -22cc09 (base 13) to base 14.
-177b09
What is 5450032 (base 11) in base 14?
13b3745
2209623 (base 13) to base 12
35a4450
-405462 (base 7) to base 15
-15773
Convert -33cd6 (base 14) to base 9.
-211772
-242432312 (base 6) to base 2
-10001100100111101010100
What is ccc (base 14) in base 5?
40112
Convert -2436536 (base 7) to base 4.
-1030023323
Convert -1101001102100 (base 3) to base 14.
-14dad4
Convert 102000102111 (base 3) to base 11.
1389a2
What is -23234123 (base 8) in base 4?
-103103201103
38ec (base 16) to base 6
151244
What is da58b (base 15) in base 6?
22504535
Convert 26015441 (base 7) to base 13.
646c85
What is -2080547 (base 12) in base 5?
-3032414011
273731 (base 8) to base 14
270c9
-311203 (base 7) to base 15
-10bb1
-1455602 (base 8) to base 14
-abba2
What is -18d973 (base 16) in base 11?
-a125a3
What is -1a6625 (base 11) in base 3?
-121001202010
Convert 50473 (base 9) to base 4.
20012223
Convert 3760628 (base 9) to base 3.
10212000200222
128465 (base 11) to base 5
22422121
What is -114958 (base 10) in base 2?
-11100000100001110
What is 2031b0 (base 15) in base 16?
1755b1
What is 1032332023 (base 4) in base 12?
137237
1001001010000110011 (base 2) to base 14
7b507
Convert -646388 (base 9) to base 15.
-79225
1012211011100 (base 3) to base 5
131133021
What is 84586 (base 13) in base 4?
322022113
What is -335311 (base 8) in base 16?
-1bac9
Conver